, 3*v - 7*v - u + b = 0. What is the units digit of k(v)?
6
Suppose -5*t - k + 3 = -t, 5*k = 4*t - 33. Suppose -3*p - t*a + 214 = 0, p - 45 - 48 = -5*a. What is the units digit of p?
8
Let z(b) be the third derivative of 17*b**4/6 + 11*b**3/6 + 2*b**2. What is the tens digit of z(3)?
1
Let n(h) = 354*h**2 + 5*h - 16. Let l(s) = 71*s**2 + s - 3. Let w(b) = 33*l(b) - 6*n(b). What is the hundreds digit of w(1)?
2
Suppose s = 2*g - 1380, 2760 = 2*g + 2*g - 3*s. What is the hundreds digit of g?
6
Let n(z) = z**2 - 18*z - 15. Suppose -4*j + 6*j = -3*r, 4*r + 5*j = 7. Let l be 1 - 32/r - -2. What is the units digit of n(l)?
4
Let d be (-171)/(-5) + -4 - 6/30. Let o be 483/9 + (-1)/(-3). Let z = o - d. What is the units digit of z?
4
Let c be (-1 + 20/8)*-2. Let n be (-6)/4*4/c. Suppose 4*q + n*w - 38 = 12, -5 = -3*q + 5*w. What is the units digit of q?
0
Suppose -d + 1613 = 3*f + 271, -d - 2 = 0. What is the hundreds digit of f?
4
Suppose 0 = 3*i + i + 32. Let s(q) = q**2 + 6*q - 9. Let x be s(i). Suppose -x*p - 57 = -176. What is the units digit of p?
7
Let q(o) = -o**3 + 3*o**2. Let j be q(3). Let l(a) = 2 + j - 3*a + 5 + 0. What is the units digit of l(-6)?
5
Let w(d) = -8*d**3 - 4*d + 12. What is the hundreds digit of w(-3)?
2
Let t(n) = -n**3 - 30*n**2 - 8*n + 10. What is the tens digit of t(-33)?
4
Suppose 0 = -3*i + 2*i - 2*w + 944, 3*i = 4*w + 2852. Let j be (-2 - i)/(-6 - -5). What is the units digit of j/12 - 2/12?
9
Let r(s) = -s**2 - 11*s - 5. Let o be -3 + 4/((-12)/(-9)). Suppose o = -3*m - 2*m - 5*t - 40, 0 = -2*t + 2. What is the tens digit of r(m)?
1
What is the hundreds digit of (149 - -1)*(2 + (-48)/(-18))?
7
Suppose 2*v = -7*v + 81. Let h(k) = -k + 2. Let q be h(-3). Let m = v - q. What is the units digit of m?
4
Let j = 6805 - 4421. What is the units digit of j?
4
Suppose -4*z + 3 = -9. Suppose 0*s = z*s + 5*r - 133, -3*r = 3. What is the units digit of s?
6
Let h = 227 + -26. What is the hundreds digit of h?
2
Let o(c) = 118*c**2 - 1. Let h be o(-1). Suppose u - h = i - 2*i, 343 = 3*u - i. Suppose 5*v - u = -0*v. What is the tens digit of v?
2
Suppose -4*a + 11 + 1 = 0. Let f = 7 - a. Let m(y) = y**2 + 3*y - 6. What is the tens digit of m(f)?
2
Suppose -2*o + 1253 - 57 = 0. What is the hundreds digit of o?
5
Suppose 4*a = -12, -4*l - 4*a + 444 + 1452 = 0. What is the hundreds digit of l?
4
Let y = 194 + 21. What is the hundreds digit of y?
2
Let y(m) = -7*m + 10. Let g be y(-4). Let x = g + -18. What is the tens digit of x?
2
Let q be 3 - (1 - (-5 - 1)). Let o be q/6 - 69/(-9). Suppose -2*p - 110 = -o*p. What is the units digit of p?
2
What is the hundreds digit of ((-60)/(-105))/((-6)/(-21693))?
0
Let r = 340 + -118. Suppose 5*n + 2*o - 202 = -0*n, 5*n - 3*o - r = 0. What is the tens digit of n?
4
Let z = 44 + -14. Suppose 3*g - 3*a = 51, 5*a = g - 3 - z. What is the units digit of g?
3
Suppose -25 = -5*c - 3*h - 175, 5*c + 160 = -5*h. Let n = c + 27. Suppose -6*l + l + 165 = n. What is the tens digit of l?
3
Let l(q) = -q**3 - 4*q**2 - 2*q + 4. Let h be l(-3). Suppose 3*u + 5*a = -h, 44 = 5*u - 5*a - 21. What is the units digit of u?
8
Let u(y) = 4*y**2 + 3*y + 18. What is the thousands digit of u(-23)?
2
Suppose l + 97 = 21. What is the tens digit of 19/l - (-369)/4?
9
Suppose 0 = -k - 61 + 145. What is the tens digit of k?
8
Let o = -128 + 128. Suppose -f + o*c + 98 = -c, -2*f = -c - 196. What is the tens digit of f?
9
Let v be -1 - (0 - 4/(-4)). Let t(i) be the first derivative of 5*i**3/3 + i**2 + 2*i + 2. What is the tens digit of t(v)?
1
Let r = -18 - -29. Let n = r + -16. Let u = n - -50. What is the tens digit of u?
4
Suppose -3*r = 4*x - 9040, -5*x - 1167 = -r + 1840. What is the thousands digit of r?
3
Let p be 3/6 - 354/12. Let t = 5 - p. Suppose 2*j + t = 2*r, -3*r - 22 = 2*j - 73. What is the units digit of r?
7
Let f(x) = 2*x**3 + 69*x**2 - 42*x + 18. What is the tens digit of f(-34)?
0
Let u = 692 - 323. Suppose 5*b = 2*b + u. What is the units digit of b?
3
Let n = -9 + 10. Suppose -2*y - 10 = 5*r, 0 = 4*y - r - 3 + n. Suppose 2*x - 18 = -q, y = 4*q - x - x - 42. What is the tens digit of q?
1
What is the thousands digit of 142142/130 - 4/10?
1
What is the thousands digit of (-1)/(-13) + 23 + (-636672)/(-208)?
3
Suppose 3*i = -f + 1878 + 1217, -3*f + 2*i = -9329. What is the units digit of f?
7
Suppose 238*l = 244*l - 3348. What is the tens digit of l?
5
Let q be (-9)/(18/(-4)) - (-46 - 1). Suppose y - 10 = q. What is the tens digit of y?
5
Let c = -289 + 460. Suppose -3*i - 9 = -c. What is the units digit of i?
4
Let s(w) = -49*w - 133. What is the hundreds digit of s(-20)?
8
What is the hundreds digit of 4203/15 + 5/(-25) - 3?
2
Let g(t) = t**3 - 11*t**2 + 8*t + 13. Suppose b - 53 = -3*p - 3*b, -b = -5. What is the tens digit of g(p)?
0
Suppose -2820 = -4*a - 4*i, 4*a + 11*i = 12*i + 2830. What is the units digit of a?
7
Let v = -1591 - -2739. What is the units digit of v?
8
Let u(t) = 12*t**2 + 11*t - 8. Let a be u(-6). What is the tens digit of (-40)/(-100) - a/(-5)?
7
Let m(u) = u**3 - 45*u**2 + 18*u - 95. What is the hundreds digit of m(45)?
7
Suppose 5*s + 147 - 3132 = 0. What is the tens digit of s?
9
Let k(a) = -a + 14. Let u be k(8). Let p(y) = -y**2 + 11*y - 9. Let d(n) = -n**2 + 10*n - 8. Let i(s) = u*p(s) - 7*d(s). What is the units digit of i(7)?
3
Suppose -3*l = -5*j - 32, l = -0*l - j. Suppose -5*x + 4*x + 4*w = 61, 0 = -2*x - l*w - 146. What is the tens digit of (-5 + x)*1/(-2)?
3
Let x be ((-6)/(-15))/(6/120). Suppose x*n - 215 = 7*n. What is the units digit of n?
5
What is the units digit of 579 + 0 - (1 - -4)/(-5)?
0
Suppose 0 = 4*t - 9*t + 1495. What is the units digit of t?
9
Suppose 1 + 0 = -c, -815 = -2*z + c. What is the tens digit of z?
0
Let z(v) = v**2 - 5*v + 4. Let i(d) be the third derivative of -d**4/8 - 2*d**3/3 - 2*d**2. Let h be i(-3). What is the units digit of z(h)?
4
Let j(d) = -4*d + 12. Suppose -3*y - 2*y - 2*x = 31, -3*y + 3*x = 27. What is the tens digit of j(y)?
4
Suppose -z = -6*z + 15. Suppose 5*b - 330 = -5*a, z*a - 7*a + 335 = 5*b. What is the units digit of b?
1
Suppose 35*z = 52*z - 43707. What is the thousands digit of z?
2
Let h(p) = -2 + 159*p**2 - 8*p + 0 - 158*p**2. What is the tens digit of h(10)?
1
Suppose 0 = 4*r - 315 - 41. Suppose 4*b = -103 - r. Let o = -7 - b. What is the units digit of o?
1
Suppose 0 = 3*r + 5*u - 6507 - 1791, 4*u - 13830 = -5*r. What is the hundreds digit of r?
7
Suppose -12*q + 32609 = 12173. What is the units digit of q?
3
Let o be (15/6)/((-38)/(-152)). Let w = 115 + -57. Suppose o*j = 8*j + w. What is the tens digit of j?
2
Suppose -s + 95 = -0*i + 4*i, 2*i - 4*s - 52 = 0. Let f = i - 33. Let g(y) = -y**2 - 16*y - 19. What is the tens digit of g(f)?
4
Let k(i) = -i + 5. Let z be k(-2). Let a(w) = 6*w - 7. What is the tens digit of a(z)?
3
Suppose 31 = -u - 0*u + m, 4*m - 8 = 0. Let w = 33 + u. Suppose 2*a + 3*a - 303 = w*c, 2*a - 5*c = 128. What is the tens digit of a?
5
Let b(v) = -2*v**2. Let o be b(1). Let c(f) = -3*f**2 + 7*f + 5. Let u(p) = -6*p**2 + 13*p + 9. Let t(r) = 7*c(r) - 4*u(r). What is the units digit of t(o)?
7
Let c(o) = o**2 - 10*o + 5. Let h be c(10). Let z(n) = -n**3 + 15*n**2 - 9. What is the tens digit of z(h)?
4
Let m = 5587 + -2632. What is the thousands digit of m?
2
Suppose 61 = -8*m + 5. Let x(w) be the first derivative of -w**3/3 - 9*w**2/2 - 7*w + 1. What is the units digit of x(m)?
7
Suppose -10*q - 749 = -3309. What is the units digit of q?
6
Suppose 24*d = 16*d + 2512. What is the hundreds digit of d?
3
Let k(u) = 2*u + 4. Let z be k(-3). Let t = z - -6. Suppose -t*b + 37 + 51 = 0. What is the tens digit of b?
2
What is the tens digit of (-4)/(-6)*(300*15 + 12)?
0
Suppose 0 = -4*c - 14*c + 36. Let n(l) = 20*l + 4. Let v(p) = -10*p - 2. Let i(z) = -6*n(z) - 13*v(z). What is the units digit of i(c)?
2
Let y be 2/3 - (-14)/(-21). Suppose y*o + 153 = 3*o. What is the tens digit of o?
5
Suppose 6*a = -2*a - 24. What is the units digit of a - (5 - 927/3)?
1
Suppose -6*s + 3*s = 6. Let y be (-3)/1 - (-7 + s). Suppose 0 = -9*f + y*f + 21. What is the units digit of f?
7
Let i = -455 - -533. What is the tens digit of i?
7
Suppose 3*s + r - 10745 = 3*r, 3*r + 17909 = 5*s. What is the tens digit of s?
8
